{"id":2,"date":"2019-01-19T14:32:22","date_gmt":"2019-01-19T13:32:22","guid":{"rendered":"http:\/\/evildogband.com\/?page_id=2"},"modified":"2024-07-07T10:20:52","modified_gmt":"2024-07-07T08:20:52","slug":"page-d-exemple","status":"publish","type":"page","link":"https:\/\/evildogband.com\/?page_id=2","title":{"rendered":"Apariciones en Medios"},"content":{"rendered":"\t\t<div data-elementor-type=\"wp-page\" data-elementor-id=\"2\" class=\"elementor elementor-2\">\n\t\t\t\t\t\t<div class=\"elementor-inner\">\n\t\t\t\t<div class=\"elementor-section-wrap\">\n\t\t\t\t\t\t\t\t\t<section class=\"elementor-section elementor-top-section elementor-element elementor-element-ac8d354 elementor-section-boxed elementor-section-height-default elementor-section-height-default\" data-id=\"ac8d354\" data-element_type=\"section\">\n\t\t\t\t\t\t<div class=\"elementor-container elementor-column-gap-default\">\n\t\t\t\t\t\t\t<div class=\"elementor-row\">\n\t\t\t\t\t<div class=\"elementor-column elementor-col-100 elementor-top-column elementor-element elementor-element-16245df0\" data-id=\"16245df0\" data-element_type=\"column\">\n\t\t\t<div class=\"elementor-column-wrap elementor-element-populated\">\n\t\t\t\t\t\t\t<div class=\"elementor-widget-wrap\">\n\t\t\t\t\t\t<div class=\"elementor-element elementor-element-3af249c6 elementor-widget elementor-widget-text-editor\" data-id=\"3af249c6\" data-element_type=\"widget\" data-widget_type=\"text-editor.default\">\n\t\t\t\t<div class=\"elementor-widget-container\">\n\t\t\t\t\t\t\t\t<div class=\"elementor-text-editor elementor-clearfix\">\n\t\t\t\t<blockquote>\n<p><strong>MIUSYK:<\/strong> \u00abEvildog han decidido regresar al panorama musical con \u00abPerdedor\u00bb un tema que demuestra la indudable calidad del grupo y no pod\u00eda ser mejor su estreno en la lengua de Cervantes. Una letra directa se da la mano con una melod\u00eda potente de rock de siempre y con una voz femenina que marca la diferencia\u00bb <a href=\"https:\/\/www.miusyk.com\/evildog-regresan-perdedor-single-te-sorprendera.html\">(Link a entrevista)<\/a><\/p>\n<p><b>La\u00a0 Sexta Cuerda TV <\/b><span style=\"font-weight: 400;\">Entrevista en La Sexta Cuerda TV <\/span><span style=\"font-weight: 400;\"><a href=\"https:\/\/www.youtube.com\/watch?v=DYEkgUiQG2k\">(link al programa)<\/a><\/span><\/p>\n<\/blockquote>\n<blockquote>\n<p><b>Algo de Rock<\/b><span style=\"font-weight: 400;\">: \u00abNos dejan una gran colecci\u00f3n de canciones en donde la honestidad es su principal virtud y eso es motivo de celebraci\u00f3n\u00bb <a href=\"https:\/\/www.algoderock.com\/resena-evildog-the-secret\/?fbclid=IwAR1S90OLBJGriH56AfrEEE3k8PmU1KTdM0cXxY9_2JYTZOy29BqAvHgoix0\">(link)<\/a><\/span><\/p>\n<\/blockquote>\n<p><!-- wp:quote --><\/p>\n<blockquote class=\"wp-block-quote\">\n<p><strong><strong>Diario de un Metalhead:<\/strong> <\/strong>\u00abCrudos, con un sonido que seguro ellos buscan que sea as\u00ed, totalmente natural y exportable al directo. Sin aditivos digitales, sin trampas.\u00bb <a href=\"https:\/\/www.diariodeunmetalhead.com\/2020\/09\/evildog-secret-fish-factory-2020.html?spref=fb&amp;m=1\" target=\"_blank\" rel=\"noreferrer noopener\">(link)<\/a><\/p>\n<\/blockquote>\n<p><!-- \/wp:quote --><\/p>\n<p><!-- wp:quote --><\/p>\n<blockquote class=\"wp-block-quote\">\n<p><strong>Noizz Webzine:<\/strong> \u00abUn trabajo directo y sin complicaciones en el que destaca la voz femenina, que dota de personalidad al conjunto encajando muy bien dentro de ese rollo alternativo y sombr\u00edo que caracteriza a la banda\u00bb <a href=\"https:\/\/noizzwebzine.blogspot.com\/2020\/09\/evildog-secret.html\" target=\"_blank\" rel=\"noreferrer noopener\">(link)<\/a><\/p>\n<\/blockquote>\n<p><!-- \/wp:quote --><\/p>\n<p><!-- wp:quote --><\/p>\n<blockquote class=\"wp-block-quote\">\n<p>Entrevista:<strong> Metaltrip<\/strong> <a href=\"https:\/\/metaltrip.com\/entrevista-a-victoria-villa-vocalista-de-evildog\/\" target=\"_blank\" rel=\"noreferrer noopener\">(link)<\/a><\/p>\n<\/blockquote>\n<p><!-- \/wp:quote --><\/p>\n<p><!-- wp:quote --><\/p>\n<blockquote class=\"wp-block-quote\">\n<p><strong>Zombie War Management<\/strong>: \u00abAcceder a este trabajo es un viaje cat\u00e1rquico personal donde uno siente la m\u00fasica como algo org\u00e1nico, crujiente, visceral, y sobre todo, real\u2026\u00bb <a href=\"https:\/\/zombiewarmanagement.com\/evildog-the-secret-the-fish-factory\/?fbclid=IwAR0NUf-OuyV6n-JUJ0wudINCZmb4wJ74aYyCl5yMsOTyitLFao-JOaAvLqU\" target=\"_blank\" rel=\"noreferrer noopener\">(link)<\/a><\/p>\n<\/blockquote>\n<p><!-- \/wp:quote --><\/p>\n<p><!-- wp:quote --><\/p>\n<blockquote class=\"wp-block-quote\">\n<p><strong>Hellpress<\/strong>: \u00abUn paseo por las emociones, sensaciones, miedos y pensamientos humanos que, aderezados con la atm\u00f3sfera que crea la banda, se te meten en la cabeza y las entra\u00f1as y no puedes parar de tararear. Es impresionante c\u00f3mo te absorbe la melod\u00eda. Y la voz de Victoria Villa, sinceramente espectacular\u00bb <a href=\"https:\/\/www.hellpress.com\/evildog-the-secret-critica\/\" target=\"_blank\" rel=\"noreferrer noopener\">(link)<\/a><\/p>\n<\/blockquote>\n<p><!-- \/wp:quote --><\/p>\n<p><!-- wp:quote --><\/p>\n<blockquote class=\"wp-block-quote\">\n<p><strong>Metal Korner:<\/strong> \u00abEVILDOG da un salto hacia delante con este trabajo, demostr\u00e1ndonos un poco m\u00e1s de la calidad que lleva dentro\u00bb <a href=\"https:\/\/metalkorner.com\/2020\/10\/05\/review-evildog-presenta-su-debut-the-secret\/\" target=\"_blank\" rel=\"noreferrer noopener\">(link)<\/a><\/p>\n<\/blockquote>\n<p><!-- \/wp:quote --><\/p>\n<p><!-- wp:quote --><\/p>\n<blockquote class=\"wp-block-quote\">\n<p><strong>Con Fuerza Heavy <\/strong>Entrevista en Con Fuerza Heavy <a href=\"https:\/\/www.ivoox.com\/programa-1414-con-fuerza-heavy-01-10-2020-audios-mp3_rf_57366255_1.html\" target=\"_blank\" rel=\"noreferrer noopener\">(link al programa)<\/a><\/p>\n<\/blockquote>\n<p><!-- \/wp:quote --><\/p>\n<p><!-- wp:quote --><\/p>\n<blockquote class=\"wp-block-quote\">\n<p><strong>Diario de un Metalhead <\/strong>Entrevista con Diario de un Metalhead <a href=\"https:\/\/www.ivoox.com\/diario-metalhead-508-evildog-audios-mp3_rf_58007512_1.html\" target=\"_blank\" rel=\"noreferrer noopener\">(link al programa)<\/a><\/p>\n<\/blockquote>\n<p><!-- \/wp:quote --><\/p>\n<p><!-- wp:quote --><\/p>\n<blockquote class=\"wp-block-quote\">\n<p>Entrevista: <strong>El Templario del Metal<\/strong> <a href=\"http:\/\/www.eltemplariodelmetal.com\/2020\/10\/entrevista-evildog.html?m=1\" target=\"_blank\" rel=\"noreferrer noopener\">(link)<\/a><\/p>\n<\/blockquote>\n<p><!-- \/wp:quote --><\/p>\n<p><!-- wp:quote --><\/p>\n<blockquote class=\"wp-block-quote\">\n<p>Entrevista: <strong>Hellpress<\/strong> <a href=\"https:\/\/www.hellpress.com\/evildog-entrevista\/amp\/?__twitter_impression=true\" target=\"_blank\" rel=\"noreferrer noopener\">(link)<\/a><\/p>\n<\/blockquote>\n<p><!-- \/wp:quote --><\/p>\t\t\t\t\t<\/div>\n\t\t\t\t\t\t<\/div>\n\t\t\t\t<\/div>\n\t\t\t\t\t\t<\/div>\n\t\t\t\t\t<\/div>\n\t\t<\/div>\n\t\t\t\t\t\t\t\t<\/div>\n\t\t\t\t\t<\/div>\n\t\t<\/section>\n\t\t\t\t\t\t\t\t\t<\/div>\n\t\t\t<\/div>\n\t\t\t\t\t<\/div>\n\t\t","protected":false},"excerpt":{"rendered":"<p>MIUSYK: \u00abEvildog han decidido regresar al panorama musical con \u00abPerdedor\u00bb un tema que demuestra la indudable calidad del grupo y no pod\u00eda ser mejor su estreno en la lengua de Cervantes. Una letra directa se da la mano con una melod\u00eda potente de rock de siempre y con una voz femenina que marca la diferencia\u00bb [&hellip;]<\/p>\n","protected":false},"author":1,"featured_media":0,"parent":0,"menu_order":0,"comment_status":"closed","ping_status":"open","template":"","meta":[],"_links":{"self":[{"href":"https:\/\/evildogband.com\/index.php?rest_route=\/wp\/v2\/pages\/2"}],"collection":[{"href":"https:\/\/evildogband.com\/index.php?rest_route=\/wp\/v2\/pages"}],"about":[{"href":"https:\/\/evildogband.com\/index.php?rest_route=\/wp\/v2\/types\/page"}],"author":[{"embeddable":true,"href":"https:\/\/evildogband.com\/index.php?rest_route=\/wp\/v2\/users\/1"}],"replies":[{"embeddable":true,"href":"https:\/\/evildogband.com\/index.php?rest_route=%2Fwp%2Fv2%2Fcomments&post=2"}],"version-history":[{"count":13,"href":"https:\/\/evildogband.com\/index.php?rest_route=\/wp\/v2\/pages\/2\/revisions"}],"predecessor-version":[{"id":1510,"href":"https:\/\/evildogband.com\/index.php?rest_route=\/wp\/v2\/pages\/2\/revisions\/1510"}],"wp:attachment":[{"href":"https:\/\/evildogband.com\/index.php?rest_route=%2Fwp%2Fv2%2Fmedia&parent=2"}],"curies":[{"name":"wp","href":"https:\/\/api.w.org\/{rel}","templated":true}]}}